erivative of h(j). Determine n(8).
14
Let s(n) be the second derivative of n**4/12 - n**3/6 - 3*n**2/2 + 44*n - 2. Determine s(3).
3
Suppose 63*n - 58*n + 2*t + 45 = 0, 0 = -t - 5. Let o(q) = -q + 4. Give o(n).
11
Suppose 8*l - 3*l = g + 18, 0 = 3*l - 5*g - 24. Suppose -3*f - 3 = h - 0, -5*h = -l*f - 21. Let t(x) = -1 - 2*x**2 + 3*x**2 + x**2. What is t(f)?
7
Suppose -2*b - 21 = -24*x + 23*x, x - 6 = -b. Let m(g) = -g + 19. Give m(x).
8
Let o(r) be the first derivative of 49 - 1/2*r**2 - r. Let s(p) = 4*p - 2. Let t be s(2). Give o(t).
-7
Let j = -1/634 - -323/3804. Let k(q) be the third derivative of -1/3*q**3 + 0 + 2*q**2 - j*q**4 + 0*q. Calculate k(-5).
8
Suppose -55*q - 6*q = 305. Let k(t) = t**2 + 6*t + 1. Calculate k(q).
-4
Let o(q) = -q**2 + q + 25. Let r be o(4). Let s = r + -22. Let m(w) = -w**2 - 8*w + 5. Determine m(s).
-4
Let l(p) = -p**3 + 5*p**2 + 10*p - 20. Let x be 8 + -7 + (6 - 3) + 2. What is l(x)?
4
Let x(o) = -15*o + 1. Let l = 306 + -307. Determine x(l).
16
Let d(n) = -n**2 + 4*n + 10. Suppose -11*t = 5*u - 84, 3*u + 4*t - 53 + 13 = 0. Give d(u).
-22
Suppose 0 = -0*y + 4*y - 32. Let z(c) = -c**2 + 8*c + 2. What is z(y)?
2
Let f(d) be the first derivative of -d**2 - 8*d - 1. Let y(x) = 2*x**3 - 134*x**2 - 8. Let a be y(67). Determine f(a).
8
Let q(f) = -24*f**2 + 14*f**2 - f + 15*f**2. Let o(x) = -3*x**2 + x. Let d(j) = 6*j**2 - 1. Let p be d(-1). Let v(r) = p*q(r) + 8*o(r). What is v(-3)?
0
Let k(i) = -i + 3*i + 2*i - 5*i + 2. Let q(g) = g**2 + 13*g + 15. Let v be q(-12). Suppose 3*l + v - 12 = 0. What is k(l)?
-1
Suppose -3*a = 5*m + 44, -5*m + m - 4 = 0. Let r(t) = 5*t + 69. Give r(a).
4
Let r(x) = -x + 14. Let h(t) = -t**3 + 6*t**2 + 8*t - 16. Let j be h(2). Determine r(j).
-2
Let a(j) = j**3 + 6*j**2 + 3. Let p(g) = -g**3 + 7*g**2 - 2*g + 8. Let r be p(7). Let b be a(r). Let v(o) = -2 + o**2 + b + 1 + 5*o + 0*o**2. Calculate v(-4).
-2
Let x = 155 + -2323/15. Let g(r) be the third derivative of -x*r**5 + 3*r**2 + 1/24*r**4 + 0*r + 0 - 1/6*r**3. Calculate g(1).
-8
Let z(h) be the third derivative of h**4/24 - 5*h**3/3 - 41*h**2. Let c be (0 - 20)*(-4)/(-10). Let j = c - -15. What is z(j)?
-3
Let p = 775/474 + 5/158. Let k(m) be the first derivative of 3/2*m**2 - 4 - m - p*m**3. Calculate k(2).
-15
Let b = 38 + -51. Let j(s) = s**2 + 13*s + 1. Give j(b).
1
Suppose 2*s + 30 = -4*s. Let z(f) be the third derivative of f**5/60 + 5*f**4/24 - f**3/2 - 20*f**2. Give z(s).
-3
Let c(y) = -3*y**2 + 4*y + 12. Let l(g) = g**2 - g - 4. Let w(j) = -5*c(j) - 14*l(j). Let x(z) = -z**3 + 6*z**2 + 4. Let f be x(6). Calculate w(f).
-12
Let g(n) = -3*n**2 + 19*n + 13. Let d be g(7). Let w(x) = -33*x + 1. What is w(d)?
34
Let v(i) be the first derivative of -i**3/3 - i**2 - 2*i - 390. Calculate v(-2).
-2
Let i(n) be the third derivative of -1/6*n**3 + 0 + 1/24*n**4 + 0*n**5 - n**2 + 1/30*n**6 + 0*n. Let v(a) = a + 2. Let u be v(-1). What is i(u)?
4
Suppose 2*l - 5 = 3*a - 2, 5*a = 5. Suppose -s + 3*n = 2, l*n - 16 = -5*s + 5*n. Let p(f) be the second derivative of f**3/3 - 3*f**2/2 + f. Determine p(s).
5
Let z(s) be the third derivative of -s**5/40 + 16*s**3/3 + 9*s**2. Let l(o) be the first derivative of z(o). Calculate l(1).
-3
Let k(s) = -15*s**2 - 1. Suppose 8*l - 1405 = -1413. Give k(l).
-16
Let c(g) = -3*g**3 + g + 1. Let n(t) = t**3 + 4*t**2 - 2*t - 7. Let s be 4/(-12)*-6 - 7. Let u be n(s). Let p = u - -21. Calculate c(p).
3
Let x(f) = -10*f**2 + 6*f + 1. Let z(l) = -21*l**2 + 13*l + 2. Let w(h) = 9*x(h) - 4*z(h). Suppose -g = -3*g - 3*g. Suppose t - 4 + 5 = g. Calculate w(t).
-7
Let n(u) = 11*u - 10. Let m(g) = 16*g - 11. Let i(d) = 2*m(d) - 3*n(d). Calculate i(13).
-5
Let h(r) = -64*r + 53*r**3 - 55*r**3 + 3*r**2 + 69*r + 5. Determine h(-2).
23
Let x be (44/11)/(2 - 0). Let j(b) be the second derivative of b**3/3 + b**2/2 - 4*b. Give j(x).
5
Let t(u) be the first derivative of -u**3/3 - 9*u**2/2 - 13*u + 66. Determine t(-9).
-13
Let d = -642 - -655. Let z(u) = u**3 - 13*u**2 + u - 11. Calculate z(d).
2
Let u = 13 - 3. Let x be (-330)/(-12)*8/u. Suppose 0 = -3*h - 4*a - x, -h + a = 3*a + 8. Let c(p) = -p**2 - 5*p + 1. What is c(h)?
-5
Let j(c) = c**2 - 8*c + 7. Let v(s) = -s - 10. Suppose -2*f - 19 - 13 = 0. Let a be v(f). Let b = a - 1. Calculate j(b).
-8
Suppose -v + 7 = -9. Let i be 68/v + (-1)/4. Let m be (-21)/(-6) + 2/i. Let h(c) = -c**2 + 2*c + 5. What is h(m)?
-3
Let r = -10 + 13. Let q(n) = 21 + 3*n**r - 5*n**2 - 3*n - 2*n**3 - 26. Determine q(6).
13
Let d(q) = q - 1. Suppose -44 = -3*a - 4*z, -5*a + 3*z + 79 = 4*z. Suppose -p + 0*u = -4*u + a, -5*u + 15 = 0. Determine d(p).
-5
Let b(y) = -5*y**2 + 10*y - 15. Let a(d) = -4*d**2 + 11*d - 15. Let f(c) = -4*a(c) + 3*b(c). What is f(10)?
-25
Suppose 4*f - 5*f = 0. Let v(a) = -13*a + 9. Let p(w) = -6*w + 5. Let u(j) = -5*p(j) + 2*v(j). Let z(o) = -7*o + 13. Let q(g) = 5*u(g) + 3*z(g). What is q(f)?
4
Let s(b) = -b**2 - b - 6. Let j(g) = 3*g**2 + 2*g + 17. Let r(x) = 4*j(x) + 11*s(x). Let n = 9 - 9. Suppose -4*h + n = -8. What is r(h)?
0
Let v(i) = i**3 - i**2 - 1. Let b = -60 - -62. Suppose -b*q + 2 = -4, 3*q = -3*g + 15. Calculate v(g).
3
Let v(o) = -5*o**2 + 8*o + 7. Let k(y) = -y**2. Let x(l) = -6*k(l) + v(l). Let n = 2 - -3. Suppose 6 = -n*j + 4*j. Give x(j).
-5
Suppose -x = -5*l - 6*x + 20, x = -4*l + 16. Let w(c) be the first derivative of c**2/2 - c - 35. Determine w(l).
3
Suppose 5*k + 22 = 5*w + 7, -2*k - 2*w + 10 = 0. Let z(r) = 15*r**2 + r. Give z(k).
16
Let r(n) be the first derivative of -8*n + 5/2*n**2 + 32. What is r(7)?
27
Let p(i) be the third derivative of i**6/360 + 3*i**4/8 - 35*i**3/6 + 21*i**2. Let w(g) be the first derivative of p(g). What is w(0)?
9
Let w = 8 + -8. Suppose k + 2*k + 4*j + 3 = w, 3*j + 3 = -2*k. Let q(x) = -x**2 + 8*x - 8*x + x**k. Determine q(1).
0
Let h be (7/(-14) - 1)*(-7 - -5). Let t(k) = k + 10. Determine t(h).
13
Let y(g) be the first derivative of g**3/3 - 3*g**2/2 - 5*g + 1. Let i(r) = r**2 + 5. Let c(o) = o**2 + 4*o - 5. Let t be c(-5). Let b be i(t). Calculate y(b).
5
Suppose 0 = -3*c - 2*q + 4 + 8, -2*q - 12 = -3*c. Suppose c = 5*z - 3*z. Let h(s) = -19*s - 1 + z - 2 + 7*s. Determine h(1).
-13
Let l(j) = 3*j - 4. Let u be l(4). Let d(s) = 2*s**2 - 3*s**2 - s - 2 + s + u*s. What is d(6)?
10
Let b(v) be the third derivative of v**4/12 - v**3 + 3*v**2. Let c be b(6). Let n(z) = 4*z + 16. Let o(q) = -q - 3. Let f(p) = -3*n(p) - 14*o(p). Give f(c).
6
Let y be (1 + -6)*(-24)/15. Let f(h) = -5*h**3 + 23*h**2 - 29*h + 75. Let r(n) = -n**3 + 5*n**2 - 6*n + 14. Let z(b) = -2*f(b) + 11*r(b). Calculate z(y).
4
Let k be (-81)/18 - (-6)/(-4). Let s = -8 - k. Let o(h) = -h**3 - 2*h**2 + 3*h + 1. Calculate o(s).
-5
Let f(n) = -n**2 + 9*n - 5. Let o(a) = -4*a + 1. Let g(d) = f(d) + o(d). Calculate g(7).
-18
Let o(g) be the third derivative of g**6/120 - g**5/5 + g**3 - 54*g**2 + g. What is o(12)?
6
Let s(r) = -9*r - 32. Let k(z) = 5*z + 16. Let y(i) = -11*k(i) - 6*s(i). What is y(11)?
5
Let a be (2 + 2)/((-1)/(-66)*4). Suppose -10*o + a = o. Let n(k) = 2*k - 4. Give n(o).
8
Let o = 10 - 7. Suppose -4*d = 5*m - 6, -2 = 2*m + 2. Let t(l) = l**2 - d*l + l - 3*l + 0*l + 1. Determine t(o).
-8
Suppose -6 = -3*s - 0. Suppose 0 = -3*u - u - 5*l - 17, s*u - 3*l - 19 = 0. Let y(t) = 1 - 3*t + 3*t + 0*t + t. Give y(u).
3
Let c be (25 - 19 - (-2 + 9))/1. Let i(u) = -3*u**3 + u**2 + 4*u + 3. Determine i(c).
3
Let h = -2848 - -2862. Let f(s) be the second derivative of -3*s**2 + 1/12*s**4 + 0 - h*s - 7/6*s**3. Give f(6).
-12
Let q(s) = -2*s - 5. Suppose -6*n + 8*n + 9 = -3*i, i + 20 = 5*n. Give q(i).
5
Let y(d) = 4*d + 13. Let m = 274 + -278. What is y(m)?
-3
Let z(m) be the third derivative of m**6/120 - m**5/12 + m**4/24 + 5*m**3/6 + 2*m**2 + 4. Determine z(3).
-10
Let p = -8 + 11. Let j(g) = p*g - 1 + 2 + g - 6*g. Let k(h) = h**2 - 7*h + 6. Let i be k(0). What is j(i)?
-11
Let c(m) = m**3 - 6*m**2 + m + 3. Suppose -1 - 4 = 5*y. Let p be (0 - 6)*y/1. What is c(p)?
9
Let t(a) = -a**3 - 7*a**2 - 3. Let u(d) = 4*d**2 + 2. Let h(b) = -3*t(b) - 5*u(b). Suppose -3*g + 7 - 1 = 0. Suppose j = g*j - 1. Give h(j).
3
Let t(p) = 12*p**3 + 1 + 8*p**3 - 21*p**3. Let n = -16 + 17. Determine t(n).
0
Suppose 18 = 3*b - 2*b. Let a be 6/(3/(b/(-4))). Let k(i) = i + 11. 